 95. Let t(w) = 3*w**2 - 4*w + 24. Let f(x) = 2*q(x) + 9*t(x). What are the prime factors of f(8)?
2, 3, 31
Let h = -107 + 109. Suppose 0*r = h*r, 2*r = -5*n + 955. What are the prime factors of n?
191
Suppose -5*g - 210 = -5*f, 2*f + f - 5*g - 128 = 0. Suppose -44*p = -f*p - 33. List the prime factors of p.
11
Let y = -96 + 78. Let x = y + 128. What are the prime factors of x?
2, 5, 11
Suppose 4*a + 2*k + 5 = -7, -4*k + 16 = -2*a. List the prime factors of -1 + 1 - (1 + a - 284).
7, 41
Let b(y) = 13*y - 61. Let f(m) = 3*m - 15. Let v(r) = 2*b(r) - 9*f(r). Let l be (-18)/9*7/2. List the prime factors of v(l).
2, 5
Let s(f) = 4*f**2 - 25*f - 26. What are the prime factors of s(-16)?
2, 3, 233
Suppose 376 = 3*a - 7*a. Let x = a - -162. What are the prime factors of x?
2, 17
Let o be ((-12)/(-4))/((-6)/8). Let z(c) = -c**3 - 6*c**2 - 5*c - 1. Let d be z(o). Let i = -11 - d. What are the prime factors of i?
2
Suppose 2*t + 2*i = -t + 83, 2*t - 3*i = 38. Suppose -p - 2*j - 2*j = -118, 0 = 5*j - t. What are the prime factors of p?
2, 7
Let b(u) = 9*u**2 - 8*u + 11 - 1 - 8*u**2. List the prime factors of b(14).
2, 47
Suppose -6 = -2*g - 0. Suppose 3 = -3*q - 2*w - 3, 0 = 5*q - 4*w - 12. Suppose 5*p - b - 225 = -q*b, 127 = g*p + b. List the prime factors of p.
2, 11
Let w(o) = -15*o + 257. Let i be w(0). Let a = -178 + i. List the prime factors of a.
79
Let f(a) = 2*a**3 + 7*a + 8 + 17*a**2 + a - 3*a. Let u(i) = 3*i**3 + 26*i**2 + 7*i + 12. Let g(k) = 8*f(k) - 5*u(k). What are the prime factors of g(-4)?
2
Suppose 3*g + 2*x + x = 708, 10 = -5*x. What are the prime factors of g?
2, 7, 17
Let z be (-5)/(-1) - 3 - -74. Let i = 9 + z. List the prime factors of i.
5, 17
Suppose -18*o + 15891 + 2793 = 0. List the prime factors of o.
2, 3, 173
Let t be (-1)/2 + 1/(4/962). Let u = -83 + t. What are the prime factors of u?
157
Let z be 2/(4/6) - -2. Let a(o) = 2*o + 10 + o - z*o - o. List the prime factors of a(-6).
2, 7
Suppose -2*l = -3*p + 1354, 3*p + p - 1804 = 2*l. List the prime factors of p.
2, 3, 5
Let l(z) be the second derivative of -23*z**3/6 - 7*z**2/2 - 13*z. What are the prime factors of l(-2)?
3, 13
Let c = -15 + 19. Suppose s + 3*s = -c*z + 68, 21 = 3*z - 3*s. Suppose 0 = 3*n - z - 6. List the prime factors of n.
2, 3
Let r(y) = y**3 + 8*y**2 - 3*y + 8. Let o be (12/(-8))/((-1)/12). Suppose o = 5*i + 58. List the prime factors of r(i).
2
Suppose -20 = -2*n - b + 3*b, -13 = -4*n - 5*b. Suppose -4*w = -n*w + 375. What are the prime factors of w?
5
Let b(h) be the third derivative of 5*h**4/24 - h**3 + 2*h**2. Let i(x) = x. Let d(u) = -b(u) + 4*i(u). What are the prime factors of d(3)?
3
List the prime factors of (-578)/8*-4 + 0/(-1).
17
What are the prime factors of (2 + (-30)/9)*(1 - 142)?
2, 47
Let o be 4/(2 + 18) + (-464)/(-5). Suppose 2*x = -5*z + 412, -3*z + o = 2*x - 155. What are the prime factors of z?
2, 41
Suppose 0 = 4*j - j + 36. Let t = j - -10. Let v = t + 9. List the prime factors of v.
7
Let s(i) = i**2 + 7*i + 15. Suppose 27*h - 22*h + 35 = 0. List the prime factors of s(h).
3, 5
Suppose 530*p - 940 = 525*p. List the prime factors of p.
2, 47
Let z(f) be the first derivative of -f**4/4 - 2*f**3 + 4*f**2 - 5*f - 9. Let b be z(-8). Let n = b + -35. What are the prime factors of n?
2, 3
Let w(q) = q - 13. Let r be w(16). Suppose -y - r*u = -64, -y - 5*u = -3*u - 64. What are the prime factors of y?
2
List the prime factors of 2*((-5)/(-20))/(1/236).
2, 59
Let j(h) = -h**2 + 1. Let v(y) = -y**3 + y**2 + 2*y + 7. Let q(u) = j(u) - v(u). What are the prime factors of q(6)?
2, 3, 7
Suppose 944 = k - 2*y, -4*k - 5*y + 3737 = -0*y. List the prime factors of k.
2, 7, 67
Let z(c) = -89*c**3 - c**2 + 5*c + 2. List the prime factors of z(-2).
2, 5, 7
Let b be 6/(-15)*(-4 + -131). Let x = 117 + b. What are the prime factors of x?
3, 19
Let d = -58 + 65. Suppose 1194 = d*s - 451. List the prime factors of s.
5, 47
Let h(i) = i**3 + 9*i**2 - 5*i - 31. Let s be h(-9). Let v = 205 + s. List the prime factors of v.
3, 73
Let r(b) = 3*b**2 + 3*b. Let y be r(-3). Let w = 9 - y. Let z(a) = -2*a + 10. What are the prime factors of z(w)?
2, 7
Suppose 2*m = 6*m + 12, h - m = -106. Let s = 181 + h. What are the prime factors of s?
2, 3
Let n = -1542 - -2589. List the prime factors of n.
3, 349
Suppose -15 = -3*g - 75. Let f be 776/g + (-1)/5. Let s = -18 - f. What are the prime factors of s?
3, 7
Suppose 0 = -0*w + 2*w + 146. Let b = w - -168. List the prime factors of (-6)/12*(1 - b).
47
Suppose 0 = 38*c - 29*c - 3636. List the prime factors of (30/(-4) + 7)/((-2)/c).
101
Let k = -28 + 28. Let i = 84 - k. What are the prime factors of i?
2, 3, 7
Suppose 4*m = 5*w - 5001, 4*w - 2*m - 4000 = m. List the prime factors of w.
997
Suppose 2*w + 182 = -11*w. What are the prime factors of (-2836)/w - (5 + (-76)/14)?
7, 29
Let n = -64 + 99. Suppose -4 - n = -3*w. List the prime factors of w.
13
Suppose d + v - 18 = 0, 3*v = -4*d + 12 + 60. Suppose 0 = 2*b - 16 - d. What are the prime factors of b?
17
Suppose -59 = -q + 4*d - 0, 5*q = -d + 253. Suppose q = r - 3*j, j = -4*r - j + 148. List the prime factors of r.
3, 13
Let v be 4 - (4 - -776)/(-3). What are the prime factors of (4/(-8))/(1 - 266/v)?
2, 3, 11
Let r = 3 + -1. Suppose -4*s = 5*i - 3*i - 6, r*i - 5*s = 6. Suppose -x = -i*m - 33, -m + 42 = 3*x - 37. List the prime factors of x.
3
Let r = -28 + 212. List the prime factors of r.
2, 23
Suppose f + 6 = 4*d - 6, -3*f - 3*d = -24. List the prime factors of ((-4 - 41) + f)*-1.
41
Let y be (1 + -2 + (-3 - -5))*66. Suppose -2*v + y = -130. List the prime factors of v.
2, 7
List the prime factors of (15 + -13)*(-2)/(-4) - -570.
571
Suppose -3*z + 384 = 36. Let t(w) = -41*w + 2. Let i be t(2). Let f = z + i. What are the prime factors of f?
2, 3
Let g(f) = 2*f**3 - 10*f**2 - 2*f + 11. Let h be g(5). What are the prime factors of (h - -23)/(((-42)/4)/(-7))?
2
Let u(q) = 7*q**2 + 13*q + 24. List the prime factors of u(-6).
2, 3, 11
Let o(n) = 3*n**2 - 10*n - 11. Let x be o(8). Suppose 0 = 5*p - x - 39. List the prime factors of (-360)/(-14) + 8/p.
2, 13
Suppose 88*p - 130851 = 11885. List the prime factors of p.
2, 811
Suppose 1095 = -7*l + 3762. What are the prime factors of l?
3, 127
Let s(a) = -231*a - 654. What are the prime factors of s(-13)?
3, 29
What are the prime factors of (-1479)/(-9) + 0 + 10/15?
3, 5, 11
Let p(d) = -d + 2 + 12*d + 8*d + 4. Let o be p(6). Suppose 2*h - o = -3*h. List the prime factors of h.
2, 3
Let d(a) = 9*a**3 + 5*a**2 - 55*a + 26. What are the prime factors of d(8)?
2, 37, 61
Suppose 9*f + 5*f = 4942. List the prime factors of f.
353
Suppose 4*s + 14 = -22. Let h = s + 7. What are the prime factors of -12*(h + (-4)/(-6))?
2
Let v(b) = b**3 + 6*b**2 - 7*b + 3. Let i be v(-7). Let c(z) = z**i + 13*z**2 - 3*z**2 - 11*z**2 + 20. What are the prime factors of c(0)?
2, 5
Suppose 4*b + 412 = -0*b. Let a = -63 - b. What are the prime factors of a?
2, 5
List the prime factors of ((-32)/(-40))/(12/3330).
2, 3, 37
Suppose -268621 = -91*z - 71970. List the prime factors of z.
2161
Suppose 22*y = 32982 + 34690. What are the prime factors of y?
2, 769
Suppose 5*i - 283 - 667 = 0. List the prime factors of i.
2, 5, 19
Suppose 5*b - 13*t = -9*t + 3375, 5*b - 3*t - 3380 = 0. What are the prime factors of b?
7, 97
Let l = 311 - 199. Suppose 5*b - l = 563. List the prime factors of b.
3, 5
Let d = -327 - -372. What are the prime factors of d?
3, 5
What are the prime factors of ((-1378)/5)/((-6)/15)?
13, 53
Suppose -98 = 5*x - 28. Suppose -t = 2*p - 9, -3*p = 2*p - 3*t - 6. Let n = p - x. What are the prime factors of n?
17
Suppose 0 = 3*b - s + 116, 3*b - 5*s = -230 + 94. Let u = -4 - b. Suppose 4*x + u = 3*m, 5*m - 6 = 2*x + 35. List the prime factors of m.
7
Suppose 3*y + 36 = 5*y. Let a = -13 + y. Suppose 0 = -5*v - 5, 5*j - a*v = -v + 79. What are the prime factors of j?
3, 5
Let u(r) = r**3. Let h(p) = -7*p**3 - 5*p**2 + 5*p. Let j(k) = -h(k) - 6*u(k). Let v be j(-6). Let i(a) = -7*a - 5. List the prime factors of i(v).
37
Let m = 13 - -4. Let p = m + -14. List the prime factors of -3 + 15 - (-3 + p).
2, 3
Let v(z) = -2*z**3 - 9*z**2 + 5*z**3 + z**3 - 5*z**3 + 15 + 16*z. List the prime factors of v(-11).
3
Suppose -y = 2*y - 3*z - 48, 14 = y